e 101*n + 11819 = 5*q + 104*n, 7097 = 3*q - n. What are the prime factors of q?
5, 11, 43
Let z(m) = m**3 - m**2 - 5*m + 3. Let o be z(3). Suppose -4*x + 600 = 5*n, -2*n + o*x - x = -273. Suppose -2*k - 2*k = -n. What are the prime factors of k?
31
Let g(t) = t**3 + 9*t**2 - 6*t + 8. Let h be (3 - -4)*(-3 - -1*2). List the prime factors of g(h).
2, 37
Let d(k) = -k**3 - 19*k**2 + 25*k - 15. Let c(w) = -w**3 + w**2 - w. Let a(f) = -2*c(f) + d(f). What are the prime factors of a(20)?
5
Let k = -53 - -56. Suppose 4*g + 20 = 0, -k*g + 483 = -0*b + 3*b. What are the prime factors of b?
2, 83
Let m be -1 + 0 + 201 + -7. Let q = m + -88. What are the prime factors of q?
3, 5, 7
Suppose -58 = 4*r - 130. List the prime factors of (-675)/(-6) - r/12.
3, 37
Let s be (-2)/3 + (-8)/(-12). Let p(i) be the first derivative of i**2/2 + 53*i + 17. List the prime factors of p(s).
53
Let m(o) = 16*o**2 - 13*o - 7. What are the prime factors of m(-15)?
2, 947
List the prime factors of 2/8 - -5*(-69670)/(-200).
2, 13, 67
Suppose 3*h - 2*h + 3*i - 15 = 0, -4*i = -20. Suppose -3*r - 2*v + 277 = h, 0 = 3*r + 2*r + 3*v - 463. What are the prime factors of r?
5, 19
Let t(m) = -m**2 - 25*m + 45. Let l be 0 + 3/(3/(-19)). List the prime factors of t(l).
3, 53
Let u(k) = k**3 - 2*k**2 - 6*k - 1. Suppose -3*q + 7*q = 44. Let h be 1*-1 + (17 - q). What are the prime factors of u(h)?
2, 11
Suppose -5*o = 4*v - 7 - 27, 23 = 4*o - v. List the prime factors of ((1 - -1) + -11)*(-62)/o.
3, 31
Suppose 2*o = 21 + 95. List the prime factors of o.
2, 29
Suppose -u + 5*q + 846 = 0, 3*u - 135*q - 2566 = -134*q. List the prime factors of u.
2, 107
Let a(f) = f**3 - 5*f + 2. Let y be a(2). What are the prime factors of (-1196)/(-115)*(10 + y)?
2, 13
Suppose 185 = 14*a - 9*a. Let m = -5 + 7. Suppose -u + 4*h = -a, u + 2*h - 97 = -m*u. What are the prime factors of u?
3, 11
Let f be (2 - -2)*28/(-16). Let w = 12 + f. Suppose 2*b - 25 = -p, w = -p + 2*p. List the prime factors of b.
2, 5
Let k be 4/22 + (-312)/22. Let c = -8 - k. List the prime factors of 95/c + (-10)/(-60).
2
Let t(y) = 3*y + 3. Let s be t(3). Let i(a) = 2*a**2 - 16*a - 11. Let o be i(s). List the prime factors of ((-952)/o)/((-1)/5).
2, 7
Suppose -t - 3*t + v = -165, -3*t + 118 = 5*v. What are the prime factors of t?
41
Suppose 7 = -5*t + 17. List the prime factors of 12/(-6) + (t - -2).
2
Suppose -5*g + 12*g - 2471 = 0. List the prime factors of g.
353
Let v(r) = -11*r - 19. Let t be v(4). Let k = t + 103. What are the prime factors of k?
2, 5
Let i = 1989 + 1251. What are the prime factors of (-6)/14 - i/(-63)?
3, 17
Let c(v) = 2*v - 3. Let u(i) = -5*i + 9. Let x(p) = -8*c(p) - 3*u(p). Let w be x(-4). List the prime factors of (-44)/5*w*-5.
2, 11
Suppose 2*r - 2*t - 14 = 0, -21 = 2*r + t + 4*t. Suppose r*q = -3*o - 228, 2*q + q + 5*o = -343. Let w = q + 185. List the prime factors of w.
2, 37
What are the prime factors of 391 - -1 - (-5 - (1 + -3))?
5, 79
Let f = -174 - -1376. Suppose -1483 = -15*d + f. List the prime factors of d.
179
List the prime factors of (-4 + (-16)/(-6))/(14/(-22197)).
2, 7, 151
Suppose 1040 = h + 4*v, 4*h - 797 = -3*v + 3311. What are the prime factors of h?
2
Let c(p) = p**2 + 4*p + 2. Let a be c(4). Let v = a + -11. Suppose v = 2*u - 3*j, -5*u - 10 = 5*j - 30. List the prime factors of u.
7
Let p = 131 + 2288. List the prime factors of p.
41, 59
Suppose 4*d = -d - 60. Let v = -12 - d. Suppose -5*r - 3*p + 120 = -0*r, v = 2*p. What are the prime factors of r?
2, 3
Suppose 0 = -4*q + 6*q - 5*l - 1403, -5*l - 2092 = -3*q. What are the prime factors of q?
13, 53
Let k = -15 + 17. Suppose 0 = 4*x, k*p + 2*p - 4*x + 192 = 0. Let a = -28 - p. List the prime factors of a.
2, 5
Let x(z) = -z**3 + 8*z**2 + 8*z - 6. Let k be x(-5). Suppose -2*d - 2 = 0, -d - k = -5*n + 212. List the prime factors of n.
2, 7
Suppose -17 = u - 5*g, 3*g = -3*u - 13 + 16. Let o(s) be the second derivative of s**4/4 + s**3/3 + 3*s**2/2 + s. What are the prime factors of o(u)?
11
Let a be (-2)/4 + 28/(-8). What are the prime factors of (a + 4 - 2) + 8?
2, 3
Let b be (1 + 5)*63/54. Let v(t) = 4*t + 17. What are the prime factors of v(b)?
3, 5
Suppose -55 = -18*c + 13*c. Suppose 0 = -7*n + 8*n - c. What are the prime factors of n?
11
Suppose 0 = -64*h + 189737 + 80407. What are the prime factors of h?
3, 7, 67
What are the prime factors of 125*16/40*34?
2, 5, 17
Suppose -671 = -l - 3*x, -418 - 880 = -2*l + 5*x. What are the prime factors of l?
659
Suppose -8*a = -5*a - 579. Let q = -77 + a. What are the prime factors of q?
2, 29
Suppose 1522 = 7*s - 1978. List the prime factors of s.
2, 5
Suppose 0 = -10*s + 5*s + 45. Let y(l) = -l**3 + 9*l**2 + l + 4. Let q be y(s). Suppose -g + q = -4*b, 7*b = 2*g + 3*b - 30. What are the prime factors of g?
17
Let p(x) = 14*x**2 + 28*x + 21. Let h(j) = 5*j**2 + 9*j + 7. Let i(q) = 17*h(q) - 6*p(q). List the prime factors of i(18).
47
Let w(l) = l**3 + 8*l**2 + 3*l + 4. Let x(v) = v**2. Let s(z) = -w(z) + 2*x(z). Suppose 2*b + 5*j + 1 = -1, -5*j = -b - 16. List the prime factors of s(b).
2, 7
Suppose 2768 + 5616 = 8*s. What are the prime factors of s?
2, 131
Suppose w + 227 = -2*l, 3*l = 2*l - 4*w - 131. Let d = l - -195. Let q = d - 34. What are the prime factors of q?
2, 5
Let s(b) = -b**3 - 5*b**2 + 2. Let g be (-1)/((-2)/(-9 + -1)). Let d be s(g). What are the prime factors of (-3)/d*(-14)/7?
3
Let k(p) = 2*p**3 - p**2 + 1. Let o be k(-1). What are the prime factors of (-4*(-3)/(-4))/(o/26)?
3, 13
Let d(h) be the second derivative of 7*h**3/6 + h**2/2 - 4*h. Suppose 0 = -4*c + 3*k + 7, c + k + k - 10 = 0. What are the prime factors of d(c)?
29
Let t be (-10)/8 + (-1)/(-4). What are the prime factors of t/4 - 15729/(-84)?
11, 17
Let f(o) = 11*o**2 + 15 + 9*o**2 - 2*o - o**3 - 6*o**2. Let q be f(14). Let p = q - -31. List the prime factors of p.
2, 3
Suppose 123*c + 9 = 122*c. Let a(q) = -2*q - 2 - 2 + 0. List the prime factors of a(c).
2, 7
Let v = 50 - 46. Let h(a) = 7*a + 14. What are the prime factors of h(v)?
2, 3, 7
What are the prime factors of -2 + (456 - (-7 - -14))?
3, 149
Suppose 195 = 2*i + 3*y, -5*i - 3*y = 296 - 761. What are the prime factors of i/(2/4*(-2 - -4))?
2, 3, 5
Let k(c) = -c**3 - 10*c**2 - 16*c - 19. Suppose 2 + 48 = -4*o - 5*v, -o + 2*v = 6. List the prime factors of k(o).
3, 47
Let w be (-2 + -164)*-1 + 0. Suppose -m - 5*a + 108 = 0, -5*a + 4*a - 411 = -4*m. Let y = w - m. What are the prime factors of y?
3, 7
Let v = 4 - 1. Suppose 4*h - h = -v. List the prime factors of (-58)/(3/(3/h)).
2, 29
Let x = 237 - -90. What are the prime factors of x?
3, 109
Suppose s + s + 2*r = -4, -4*s - 2*r = 0. Suppose 0 = -s*h + 5*b + 162, -319 + 30 = -3*h - 4*b. What are the prime factors of h?
7, 13
Let a be -2 - (1 + 0 + -2). Let g(n) be the second derivative of -13*n**5/10 + n**4/6 + n**3/3 + n**2/2 - 122*n. What are the prime factors of g(a)?
3
Suppose -463 = -x - 150. List the prime factors of x.
313
Let b(w) = 19*w**2 - 2*w + 3. Let h = -13 - -10. Let x be b(h). Suppose x = 2*g + 3*g. List the prime factors of g.
2, 3
Suppose -4*f - 1 - 7 = 0. Suppose m + 3*m = 240. Let b = m + f. List the prime factors of b.
2, 29
Let t(b) = 439*b**3 + b**2 + 2*b - 1. What are the prime factors of t(1)?
3, 7
Suppose 70*n - 12*n - 38976 = 0. List the prime factors of n.
2, 3, 7
Suppose -2*j + 180 = -290. Suppose 0 = -4*n + 2*f - 6*f + 244, 4*n - j = -f. What are the prime factors of n?
2, 29
Suppose 5*t = t. Let n be (-1380)/108 - -13 - (-464)/18. Let i = n - t. List the prime factors of i.
2, 13
Let w = -2069 + 4840. List the prime factors of w.
17, 163
Suppose -3*o - 12 = -5*h + h, -o + 2*h - 6 = 0. Let m = 14 - 1. Suppose m*s - 8*s - 70 = o. What are the prime factors of s?
2, 7
Suppose -4*m + 37 = 3*i, 6 = 2*m + m - 5*i. Suppose 5*d = -3*q + 97, 4*d - 84 + m = -3*q. What are the prime factors of d?
2, 5
List the prime factors of 9 - -3 - 10 - -3107.
3109
Let s = 27 - 25. Suppose 0 = -j + t + 169, 7*j - 833 = s*j + 2*t. What are the prime factors of j?
3, 5, 11
Suppose 7*i - 24 = -i. Suppose 2*f = 2*k - 3*f - 290, -6 = i*f. What are the prime factors of (k/(-6))/(6/(-9))?
5, 7
Suppose -6024 = 9*x - 13*x. List the prime factors of (16/(-48))/((-2)/x).
251
Let s(a) be the second der